e number?
False
Is 15889 composite?
False
Is 16823 composite?
False
Is 1497167 a prime number?
False
Is 4183 prime?
False
Is 677 a composite number?
False
Is 979 a prime number?
False
Is 519927 a prime number?
False
Is 68007 a prime number?
False
Is 192709 a prime number?
False
Is 5591 prime?
True
Is 2523211 a composite number?
False
Is 1226863 composite?
True
Is 957091 a composite number?
False
Is 3959 prime?
False
Is 13885 a prime number?
False
Is 4530107 composite?
False
Is 31643 composite?
False
Is 117098 prime?
False
Is 1400782 prime?
False
Is 181163 a prime number?
False
Is 54917 prime?
True
Is 299062 a prime number?
False
Is 102761 composite?
False
Is 67631 composite?
False
Is 401 a prime number?
True
Is 383981 a composite number?
True
Is 2287 a composite number?
False
Is 36997 composite?
False
Is 1446893 a composite number?
True
Is 225241 a prime number?
True
Is 70601 a prime number?
False
Is 31567 composite?
False
Is 18407 prime?
False
Is 12517 a prime number?
True
Is 118739 a prime number?
True
Is 28559 prime?
True
Is 294137 prime?
False
Is 268123 a composite number?
False
Is 14995 a prime number?
False
Is 944969 composite?
False
Is 1354 composite?
True
Is 141881 a prime number?
False
Is 41297 composite?
True
Is 225265 prime?
False
Is 60749 a composite number?
True
Is 4083 a prime number?
False
Is 27299 a prime number?
True
Is 1081 a composite number?
True
Is 951503 prime?
False
Is 407 a composite number?
True
Is 74159 a prime number?
True
Is 264977 a prime number?
True
Is 113279 a prime number?
True
Is 11639 composite?
True
Is 70289 a prime number?
True
Is 4561 a prime number?
True
Is 10453 a composite number?
False
Is 765197 a prime number?
False
Is 11801 a prime number?
True
Is 520661 composite?
True
Is 218279 a prime number?
True
Is 4229 a composite number?
False
Is 2189 a prime number?
False
Is 902347 a composite number?
False
Is 647 a composite number?
False
Is 399863 a prime number?
False
Is 3545693 a composite number?
False
Is 2153 composite?
False
Is 759881 a prime number?
True
Is 6103 a composite number?
True
Is 14891 prime?
True
Is 200861 a prime number?
True
Is 7167 composite?
True
Is 1054559 composite?
True
Is 434323 a prime number?
True
Is 11641 a composite number?
True
Is 586153 prime?
True
Is 1440431 prime?
False
Is 80471 a prime number?
True
Is 718 composite?
True
Is 17159 a composite number?
False
Is 403 a composite number?
True
Is 31431 a composite number?
True
Is 161969 composite?
False
Is 16447 a composite number?
False
Is 473089 prime?
True
Is 24649 a composite number?
True
Is 3089 prime?
True
Is 118843 prime?
True
Is 446627 composite?
True
Is 20153 a prime number?
False
Is 706183 a composite number?
False
Is 2799397 a prime number?
True
Is 17002 a composite number?
True
Is 351599 prime?
True
Is 1435139 a prime number?
True
Is 124631 prime?
False
Is 4561 prime?
True
Is 188341 a prime number?
False
Is 5021 prime?
True
Is 68294 composite?
True
Is 93839 a composite number?
True
Is 8573 prime?
True
Is 15427 composite?
False
Is 59789 a composite number?
True
Is 19267 composite?
False
Is 3407 a prime number?
True
Is 859 composite?
False
Is 92987 a composite number?
False
Is 252139 a prime number?
True
Is 15419 a composite number?
True
Is 214453 a composite number?
True
Is 348578 composite?
True
Is 12473 prime?
True
Is 774077 composite?
True
Is 14591 composite?
False
Is 1749074 prime?
False
Is 28199 prime?
False
Is 162937 a composite number?
False
Is 40093 prime?
True
Is 57839 prime?
True
Is 1144037 composite?
False
Is 280481 prime?
False
Is 613879 a composite number?
True
Is 9349 prime?
True
Is 372535 a prime number?
False
Is 1688531 composite?
True
Is 16349 prime?
True
Is 826013 a composite number?
True
Is 1122299 prime?
False
Is 30574 prime?
False
Is 5981 a prime number?
True
Is 32297 prime?
True
Is 3359 prime?
True
Is 11963 a composite number?
True
Is 1067741 a prime number?
True
Is 36191 a composite number?
False
Is 3317 prime?
False
Is 179071 a composite number?
True
Is 10299 composite?
True
Is 203 prime?
False
Is 1424029 a composite number?
True
Is 5001809 a prime number?
True
Is 132283 prime?
True
Is 34079 composite?
True
Is 5051 composite?
False
Is 54785 composite?
True
Is 4208933 composite?
False
Is 107053 composite?
False
Is 18129 a composite number?
True
Is 19199 a composite number?
True
Is 1951 a prime number?
True
Is 179 composite?
False
Is 424243 a composite number?
False
Is 842 a prime number?
False
Is 10907 a prime number?
False
Is 106751 a prime number?
True
Is 707633 a composite number?
False
Is 8101 composite?
False
Is 2161 a composite number?
False
Is 33179 composite?
False
Is 84773 a prime number?
False
Is 26801 prime?
True
Is 292901 a prime number?
False
Is 1930087 a prime number?
True
Is 9921 prime?
False
Is 302721 composite?
True
Is 16759 a composite number?
False
Is 10097 prime?
False
Is 29819 a prime number?
True
Is 558721 a composite number?
False
Is 13471 a prime number?
False
Is 22051 a prime number?
True
Is 175117 composite?
True
Is 397789 a composite number?
True
Is 65573 composite?
True
Is 11829 prime?
False
Is 87059 composite?
True
Is 84221 prime?
True
Is 249281 prime?
False
Is 5645 prime?
False
Is 659 prime?
True
Is 12895 composite?
True
Is 45515 composite?
True
Is 284063 composite?
True
Is 11783 composite?
False
Is 9745 a prime number?
False
Is 1901 a composite number?
False
Is 17863 a composite number?
False
Is 1709 prime?
True
Is 523707 a composite number?
True
Is 113929 prime?
False
Is 143761 a prime number?
False
Is 4435 composite?
True
Is 483611 a prime number?
True
Is 85891 composite?
True
Is 2750599 prime?
False
Is 62189 prime?
True
Is 719 a composite number?
False
Is 85081 a prime number?
True
Is 21661 prime?
True
Is 6131 composite?
False
Is 415 a composite number?
True
Is 22853 a prime number?
True
Is 63577 prime?
True
Is 3017 prime?
False
Is 93161 prime?
False
Is 56821 composite?
False
Is 631409 a prime number?
True
Is 8353 composite?
False
Is 773231 a prime number?
True
Is 1621309 a prime number?
True
Is 1249 prime?
True
Is 6389 prime?
True
Is 1504361 composite?
True
Is 55439 a composite number?
False
Is 10537 composite?
True
Is 8663 a composite number?
False
Is 10417 composite?
True
Is 2611 prime?
False
Is 626597 a prime number?
True
Is 58961 prime?
False
Is 20707 a composite number?
False
Is 308557 prime?
False
Is 4127 a prime number?
True
Is 953089 a prime number?
False
Is 311147 composite?
True
Is 6469 composite?
False
Is 3977 composite?
True
Is 13619 a composite number?
False
Is 191405 a composite number?
True
Is 328223 a prime number?
False
Is 1642922 a prime number?
False
Is 415343 composite?
False
Is 199537 prime?
False
Is 8471 a prime number?
False
Is 3221 a composite number?
False
Is 311735 composite?
True
Is 23783 composite?
True
Is 8563 a prime number?
True
Is 138399 a prime number?
False
Is 1754 prime?
False
Is 934343 prime?
True
Is 470131 prime?
True
Is 33571 a composite number?
True
Is 18467 composite?
True
Is 8659 a composite number?
True
Is 598373 a prime number?
False
Is 31103 a composite number?
True
Is 22319 composite?
True
Is 13261 a prime number?
False
Is 80261 prime?
False
Is 70657 a prime number?
True
Is 979 composite?
True
Is 166031 a composite number?
False
Is 156431 a prime number?
False
Is 1934045 a prime number?
False
Is 13207 prime?
False
Is 1120499 prime?
True
Is 527 composite?
True
Is 394811 a composite number?
False
Is 87613 prime?
True
Is 1028471 prime?
True
Is 12889 a composite number?
False
Is 64319 a composite number?
False
Is 5507 prime?
True
Is 12703 a prime number?
True
Is 22511 prime?
True
Is 90689 composite?
True
Is 758083 composite?
False
Is 17717 a prime number?
False
Is 150303 prime?
False
Is 19661 a composite number?
False
Is 651597 prime?
False
Is 12889 prime?
True
Is 3306811 prime?
True
Is 84259 composite?
True
Is 21209 a prime number?
False
Is 8467 a prime number?
True
Is 152183 composite?
False
Is 6773 a composite number?
True
Is 709354 prime?
False
Is 34509 a prime number?
False
Is 141413 a composite number?
False
Is 169357 prime?
False
Is 654547 a prime number?
False
Is 18623 prime?
False
Is 24733 composite?
False
Is 1339333 a prime number?
True
Is 20506 composite?
True
Is 1501 a composite number?
True
Is 1954 compos